{"id":41,"date":"2020-04-17T17:30:38","date_gmt":"2020-04-17T15:30:38","guid":{"rendered":"http:\/\/finansus.pl\/rafib\/?page_id=41"},"modified":"2020-07-07T17:53:23","modified_gmt":"2020-07-07T15:53:23","slug":"audyt-systemu-rachunkowosci-zarzadczej","status":"publish","type":"page","link":"https:\/\/finansus.pl\/rafib\/nasze-uslugi\/audyt-systemu-rachunkowosci-zarzadczej\/","title":{"rendered":"Audyt systemu rachunkowo\u015bci zarz\u0105dczej"},"content":{"rendered":"\n<p> Wi\u0119ksza cz\u0119\u015b\u0107 naszych projekt\u00f3w rozpoczyna si\u0119  audytem proces\u00f3w, organizacji i systemu rachunku koszt\u00f3w stosowanego  przez naszych Klient\u00f3w. &nbsp; <\/p>\n\n\n\n<p>W ramach tych prac <strong>poznajemy podstawowe i wspomagaj\u0105ce procesy<\/strong>  realizowane w firmie, organizacj\u0119 przedsi\u0119biorstwa oraz struktur\u0119  sprzedawanych produkt\u00f3w a tak\u017ce us\u0142ug \u015bwiadczonych wewn\u0119trznie. <strong>Analizujemy i oceniamy rachunek koszt\u00f3w, system bud\u017cetowania i analiz rentowno\u015bci<\/strong> z punktu widzenia przydatno\u015bci generowanych danych finansowo-kosztowych dla potrzeb zarz\u0105dzania. &nbsp; <\/p>\n\n\n\n<p>Specjalizujemy si\u0119 w audycie systemu rachunkowo\u015bci zarz\u0105dczej w grupie kapita\u0142owej. Prace audytowe sk\u0142adaj\u0105 si\u0119 z trzech etap\u00f3w dzia\u0142a\u0144:<\/p>\n\n\n\n<ol><li>ETAP                                                                                                             Wywiady z pracownikami wybranych sp\u00f3\u0142ek odpowiedzialnych za realizowane w nich procesy podstawowe i pomocnicze oraz z pracownikami dzia\u0142\u00f3w rachunkowo\u015bci i controllingu<\/li><li>ETAP                                                                                                               Analiza zebranych informacji oraz dokumentacji wewn\u0119trznej sp\u00f3\u0142ek<\/li><li>ETAP                                                                                                        Opracowanie raportu ko\u0144cowego<\/li><\/ol>\n\n\n\n<p>Raport ko\u0144cowy zawiera propozycj\u0119 dostosowania rachunku koszt\u00f3w <strong>do potrzeb zg\u0142aszanych przez mened\u017cer\u00f3w firmy<\/strong> na r\u00f3\u017cnych szczeblach zarz\u0105dzania.\u00a0 <\/p>\n","protected":false},"excerpt":{"rendered":"<p>Wi\u0119ksza cz\u0119\u015b\u0107 naszych projekt\u00f3w rozpoczyna si\u0119 audytem proces\u00f3w, organizacji i systemu rachunku koszt\u00f3w stosowanego przez naszych Klient\u00f3w. &nbsp; W ramach tych prac poznajemy podstawowe i wspomagaj\u0105ce procesy realizowane w firmie, organizacj\u0119 przedsi\u0119biorstwa oraz struktur\u0119 sprzedawanych produkt\u00f3w a tak\u017ce us\u0142ug \u015bwiadczonych wewn\u0119trznie. Analizujemy i oceniamy rachunek koszt\u00f3w, system bud\u017cetowania i analiz rentowno\u015bci z punktu widzenia przydatno\u015bci generowanych danych finansowo-kosztowych dla potrzeb zarz\u0105dzania. &nbsp; Specjalizujemy si\u0119 w audycie systemu rachunkowo\u015bci zarz\u0105dczej w grupie kapita\u0142owej. Prace audytowe sk\u0142adaj\u0105 si\u0119 z trzech etap\u00f3w dzia\u0142a\u0144: ETAP Wywiady z pracownikami wybranych sp\u00f3\u0142ek odpowiedzialnych za realizowane w nich procesy podstawowe i pomocnicze oraz z pracownikami dzia\u0142\u00f3w rachunkowo\u015bci i controllingu ETAP Analiza zebranych informacji oraz dokumentacji wewn\u0119trznej sp\u00f3\u0142ek ETAP Opracowanie raportu ko\u0144cowego Raport ko\u0144cowy zawiera propozycj\u0119 dostosowania rachunku koszt\u00f3w do potrzeb zg\u0142aszanych przez mened\u017cer\u00f3w firmy na r\u00f3\u017cnych szczeblach zarz\u0105dzania.\u00a0<\/p>\n","protected":false},"author":1,"featured_media":0,"parent":26,"menu_order":0,"comment_status":"closed","ping_status":"closed","template":"","meta":[],"_links":{"self":[{"href":"https:\/\/finansus.pl\/rafib\/wp-json\/wp\/v2\/pages\/41"}],"collection":[{"href":"https:\/\/finansus.pl\/rafib\/wp-json\/wp\/v2\/pages"}],"about":[{"href":"https:\/\/finansus.pl\/rafib\/wp-json\/wp\/v2\/types\/page"}],"author":[{"embeddable":true,"href":"https:\/\/finansus.pl\/rafib\/wp-json\/wp\/v2\/users\/1"}],"replies":[{"embeddable":true,"href":"https:\/\/finansus.pl\/rafib\/wp-json\/wp\/v2\/comments?post=41"}],"version-history":[{"count":3,"href":"https:\/\/finansus.pl\/rafib\/wp-json\/wp\/v2\/pages\/41\/revisions"}],"predecessor-version":[{"id":146,"href":"https:\/\/finansus.pl\/rafib\/wp-json\/wp\/v2\/pages\/41\/revisions\/146"}],"up":[{"embeddable":true,"href":"https:\/\/finansus.pl\/rafib\/wp-json\/wp\/v2\/pages\/26"}],"wp:attachment":[{"href":"https:\/\/finansus.pl\/rafib\/wp-json\/wp\/v2\/media?parent=41"}],"curies":[{"name":"wp","href":"https:\/\/api.w.org\/{rel}","templated":true}]}}